{"id":2414,"date":"2026-02-06T21:22:45","date_gmt":"2026-02-06T20:22:45","guid":{"rendered":"https:\/\/ayako-art.ch\/?post_type=product&#038;p=2414"},"modified":"2026-03-11T19:17:09","modified_gmt":"2026-03-11T18:17:09","slug":"gaara-mug-en-verre","status":"publish","type":"product","link":"https:\/\/ayako-art.ch\/?product=gaara-mug-en-verre","title":{"rendered":"Gaara &#8211;  Mug en verre"},"content":{"rendered":"<p data-start=\"837\" data-end=\"880\"><strong>Un produit fait main avec passion\ud83d\udc9b<\/strong><\/p>\n<p data-start=\"882\" data-end=\"1022\">Chaque verre est r\u00e9alis\u00e9 \u00e0 la main avec soin et attention.<\/p>\n<p data-start=\"1024\" data-end=\"1198\">Si votre commande pr\u00e9sente un souci \u00e0 l\u2019arriv\u00e9e, n\u2019h\u00e9sitez pas \u00e0 me contacter :\u00a0ayako-art@hotmail.com<br data-start=\"1120\" data-end=\"1123\" \/>Je ferai toujours de mon mieux pour que vous soyez totalement satisfait(e).<\/p>\n<p data-start=\"1200\" data-end=\"1270\">Merci infiniment pour votre soutien et pour faire vivre l\u2019artisanat.<\/p>\n","protected":false},"excerpt":{"rendered":"<p data-start=\"291\" data-end=\"353\">Couvercle en bambou et paille inclus.<br data-start=\"328\" data-end=\"331\" \/>Capacit\u00e9 :\u00a0<strong data-start=\"342\" data-end=\"352\">500 ml<\/strong>.<\/p>\n<p data-start=\"355\" data-end=\"566\">Ce verre est id\u00e9al pour toutes vos boissons pr\u00e9f\u00e9r\u00e9es : caf\u00e9 glac\u00e9, th\u00e9s, smoothies, limonades, jus ou m\u00eame vos boissons chaudes. \u00c0 la fois pratique et esth\u00e9tique, il deviendra vite votre compagnon du quotidien.<\/p>\n<p data-start=\"573\" data-end=\"603\"><strong data-start=\"579\" data-end=\"603\">Conseils d\u2019entretien\u00a0<\/strong>\ud83e\uddfc<\/p>\n<p data-start=\"605\" data-end=\"830\"><strong>\u2b50<\/strong>\u00a0Lavage \u00e0 la main uniquement\u00a0\u2013 essuyer en tapotant d\u00e9licatement<br data-start=\"673\" data-end=\"676\" \/>\u2b50\u00a0\u00c9viter le trempage prolong\u00e9<br data-start=\"709\" data-end=\"712\" \/>\u2b50\u00a0Ne pas frotter directement sur le motif<br data-start=\"757\" data-end=\"760\" \/>\u2b50\u00a0Non compatible lave-vaisselle<br data-start=\"795\" data-end=\"798\" \/>\u2b50\u00a0Non compatible micro-ondes<\/p>\n","protected":false},"featured_media":2418,"comment_status":"open","ping_status":"closed","template":"","meta":[],"product_brand":[],"product_cat":[42,25],"product_tag":[],"class_list":{"0":"post-2414","1":"product","2":"type-product","3":"status-publish","4":"has-post-thumbnail","6":"product_cat-love-mug-en-verre","7":"product_cat-mug-en-verre","8":"product_shipping_class-verre","10":"first","11":"instock","12":"shipping-taxable","13":"purchasable","14":"product-type-simple"},"jetpack_sharing_enabled":true,"_links":{"self":[{"href":"https:\/\/ayako-art.ch\/index.php?rest_route=\/wp\/v2\/product\/2414","targetHints":{"allow":["GET"]}}],"collection":[{"href":"https:\/\/ayako-art.ch\/index.php?rest_route=\/wp\/v2\/product"}],"about":[{"href":"https:\/\/ayako-art.ch\/index.php?rest_route=\/wp\/v2\/types\/product"}],"replies":[{"embeddable":true,"href":"https:\/\/ayako-art.ch\/index.php?rest_route=%2Fwp%2Fv2%2Fcomments&post=2414"}],"version-history":[{"count":2,"href":"https:\/\/ayako-art.ch\/index.php?rest_route=\/wp\/v2\/product\/2414\/revisions"}],"predecessor-version":[{"id":2428,"href":"https:\/\/ayako-art.ch\/index.php?rest_route=\/wp\/v2\/product\/2414\/revisions\/2428"}],"wp:featuredmedia":[{"embeddable":true,"href":"https:\/\/ayako-art.ch\/index.php?rest_route=\/wp\/v2\/media\/2418"}],"wp:attachment":[{"href":"https:\/\/ayako-art.ch\/index.php?rest_route=%2Fwp%2Fv2%2Fmedia&parent=2414"}],"wp:term":[{"taxonomy":"product_brand","embeddable":true,"href":"https:\/\/ayako-art.ch\/index.php?rest_route=%2Fwp%2Fv2%2Fproduct_brand&post=2414"},{"taxonomy":"product_cat","embeddable":true,"href":"https:\/\/ayako-art.ch\/index.php?rest_route=%2Fwp%2Fv2%2Fproduct_cat&post=2414"},{"taxonomy":"product_tag","embeddable":true,"href":"https:\/\/ayako-art.ch\/index.php?rest_route=%2Fwp%2Fv2%2Fproduct_tag&post=2414"}],"curies":[{"name":"wp","href":"https:\/\/api.w.org\/{rel}","templated":true}]}}