{"id":2220,"date":"2025-12-09T23:32:05","date_gmt":"2025-12-09T22:32:05","guid":{"rendered":"https:\/\/ayako-art.ch\/?post_type=product&#038;p=2220"},"modified":"2025-12-09T23:32:05","modified_gmt":"2025-12-09T22:32:05","slug":"totoro-porte-cle","status":"publish","type":"product","link":"https:\/\/ayako-art.ch\/?product=totoro-porte-cle","title":{"rendered":"Totoro &#8211; porte-cl\u00e9"},"content":{"rendered":"<p>Porte-cl\u00e9 artisanal en r\u00e9sine inspir\u00e9 du film mon voisin Totoro. Un petit accessoire unique pour accompagner vos cl\u00e9s, sacs ou trousses.<\/p>\n","protected":false},"excerpt":{"rendered":"<p>Porte-cl\u00e9 en r\u00e9sine fait main, inspir\u00e9 de vos personnages pr\u00e9f\u00e9r\u00e9s.<\/p>\n<p>Chaque pi\u00e8ce est coul\u00e9e, color\u00e9e et assembl\u00e9e \u00e0 la main avec soin, ce qui la rend unique et pleine de charme.<\/p>\n<p>D\u00e9tails<\/p>\n<ul>\n<li>Porte-cl\u00e9 en r\u00e9sine fait main<\/li>\n<li>Motif inspir\u00e9 de du film mon voisin Totoro<\/li>\n<li>R\u00e9sistant, l\u00e9ger et facile \u00e0 accrocher<\/li>\n<\/ul>\n","protected":false},"featured_media":1957,"comment_status":"open","ping_status":"closed","template":"","meta":[],"product_brand":[],"product_cat":[30,35],"product_tag":[],"class_list":{"0":"post-2220","1":"product","2":"type-product","3":"status-publish","4":"has-post-thumbnail","6":"product_cat-creations-en-resine","7":"product_cat-porte-cles-resine","8":"product_shipping_class-papeterie","10":"first","11":"instock","12":"sold-individually","13":"shipping-taxable","14":"purchasable","15":"product-type-simple"},"jetpack_sharing_enabled":true,"_links":{"self":[{"href":"https:\/\/ayako-art.ch\/index.php?rest_route=\/wp\/v2\/product\/2220","targetHints":{"allow":["GET"]}}],"collection":[{"href":"https:\/\/ayako-art.ch\/index.php?rest_route=\/wp\/v2\/product"}],"about":[{"href":"https:\/\/ayako-art.ch\/index.php?rest_route=\/wp\/v2\/types\/product"}],"replies":[{"embeddable":true,"href":"https:\/\/ayako-art.ch\/index.php?rest_route=%2Fwp%2Fv2%2Fcomments&post=2220"}],"version-history":[{"count":1,"href":"https:\/\/ayako-art.ch\/index.php?rest_route=\/wp\/v2\/product\/2220\/revisions"}],"predecessor-version":[{"id":2221,"href":"https:\/\/ayako-art.ch\/index.php?rest_route=\/wp\/v2\/product\/2220\/revisions\/2221"}],"wp:featuredmedia":[{"embeddable":true,"href":"https:\/\/ayako-art.ch\/index.php?rest_route=\/wp\/v2\/media\/1957"}],"wp:attachment":[{"href":"https:\/\/ayako-art.ch\/index.php?rest_route=%2Fwp%2Fv2%2Fmedia&parent=2220"}],"wp:term":[{"taxonomy":"product_brand","embeddable":true,"href":"https:\/\/ayako-art.ch\/index.php?rest_route=%2Fwp%2Fv2%2Fproduct_brand&post=2220"},{"taxonomy":"product_cat","embeddable":true,"href":"https:\/\/ayako-art.ch\/index.php?rest_route=%2Fwp%2Fv2%2Fproduct_cat&post=2220"},{"taxonomy":"product_tag","embeddable":true,"href":"https:\/\/ayako-art.ch\/index.php?rest_route=%2Fwp%2Fv2%2Fproduct_tag&post=2220"}],"curies":[{"name":"wp","href":"https:\/\/api.w.org\/{rel}","templated":true}]}}