{"id":1800,"date":"2025-11-30T17:51:04","date_gmt":"2025-11-30T16:51:04","guid":{"rendered":"https:\/\/ayako-art.ch\/?post_type=product&#038;p=1800"},"modified":"2025-12-10T22:33:38","modified_gmt":"2025-12-10T21:33:38","slug":"nami-support-bijoux","status":"publish","type":"product","link":"https:\/\/ayako-art.ch\/?product=nami-support-bijoux","title":{"rendered":"Nami &#8211; Support bijoux"},"content":{"rendered":"","protected":false},"excerpt":{"rendered":"<p>Un support \u00e0 bijoux \u00e9l\u00e9gant et fait \u00e0 la main en r\u00e9sine \u00e9poxy, id\u00e9al pour mettre en valeur vos bagues, colliers et petits tr\u00e9sors du quotidien. Une pi\u00e8ce d\u00e9licate et pratique qui apporte une touche de charme \u00e0 votre espace.<\/p>\n","protected":false},"featured_media":1655,"comment_status":"open","ping_status":"closed","template":"","meta":[],"product_brand":[],"product_cat":[30,38],"product_tag":[],"class_list":{"0":"post-1800","1":"product","2":"type-product","3":"status-publish","4":"has-post-thumbnail","6":"product_cat-creations-en-resine","7":"product_cat-support-bijoux-en-resine","8":"product_shipping_class-resine","10":"first","11":"outofstock","12":"sold-individually","13":"shipping-taxable","14":"purchasable","15":"product-type-simple"},"jetpack_sharing_enabled":true,"_links":{"self":[{"href":"https:\/\/ayako-art.ch\/index.php?rest_route=\/wp\/v2\/product\/1800","targetHints":{"allow":["GET"]}}],"collection":[{"href":"https:\/\/ayako-art.ch\/index.php?rest_route=\/wp\/v2\/product"}],"about":[{"href":"https:\/\/ayako-art.ch\/index.php?rest_route=\/wp\/v2\/types\/product"}],"replies":[{"embeddable":true,"href":"https:\/\/ayako-art.ch\/index.php?rest_route=%2Fwp%2Fv2%2Fcomments&post=1800"}],"version-history":[{"count":2,"href":"https:\/\/ayako-art.ch\/index.php?rest_route=\/wp\/v2\/product\/1800\/revisions"}],"predecessor-version":[{"id":2254,"href":"https:\/\/ayako-art.ch\/index.php?rest_route=\/wp\/v2\/product\/1800\/revisions\/2254"}],"wp:featuredmedia":[{"embeddable":true,"href":"https:\/\/ayako-art.ch\/index.php?rest_route=\/wp\/v2\/media\/1655"}],"wp:attachment":[{"href":"https:\/\/ayako-art.ch\/index.php?rest_route=%2Fwp%2Fv2%2Fmedia&parent=1800"}],"wp:term":[{"taxonomy":"product_brand","embeddable":true,"href":"https:\/\/ayako-art.ch\/index.php?rest_route=%2Fwp%2Fv2%2Fproduct_brand&post=1800"},{"taxonomy":"product_cat","embeddable":true,"href":"https:\/\/ayako-art.ch\/index.php?rest_route=%2Fwp%2Fv2%2Fproduct_cat&post=1800"},{"taxonomy":"product_tag","embeddable":true,"href":"https:\/\/ayako-art.ch\/index.php?rest_route=%2Fwp%2Fv2%2Fproduct_tag&post=1800"}],"curies":[{"name":"wp","href":"https:\/\/api.w.org\/{rel}","templated":true}]}}